{"id":2,"date":"2025-11-30T18:49:22","date_gmt":"2025-11-30T18:49:22","guid":{"rendered":"http:\/\/alexandre.eco.br\/?page_id=2"},"modified":"2025-12-04T22:15:33","modified_gmt":"2025-12-05T01:15:33","slug":"quem-somos","status":"publish","type":"page","link":"https:\/\/alexandre.eco.br\/index.php\/quem-somos\/","title":{"rendered":"quem-somos"},"content":{"rendered":"\t\t<div data-elementor-type=\"wp-page\" data-elementor-id=\"2\" class=\"elementor elementor-2\" data-elementor-post-type=\"page\">\n\t\t\t\t<div class=\"elementor-element elementor-element-da51388 e-flex e-con-boxed e-con e-parent\" data-id=\"da51388\" data-element_type=\"container\" data-e-type=\"container\">\n\t\t\t\t\t<div class=\"e-con-inner\">\n\t\t\t\t<div class=\"elementor-element elementor-element-155079f elementor-widget elementor-widget-text-editor\" data-id=\"155079f\" data-element_type=\"widget\" data-e-type=\"widget\" data-widget_type=\"text-editor.default\">\n\t\t\t\t\t\t\t\t\t<p><b>Entre em contato<\/b> via e-mail: cliente@alexandre.eco.br\u00a0 ou WhatsApp: (31)99103-7250.<\/p><p>Alexandre M\u00e1rcio de Souza e um profissional multidisciplinar com quase 30 anos de experi\u00eancia no ramo imobili\u00e1rio. Re\u00fane diversas forma\u00e7\u00f5es acad\u00eamicas e atua em todas as etapas, sendo desde da venda e aquisi\u00e7\u00e3o do im\u00f3vel, passando pela elabora\u00e7\u00e3o dos projetos e execu\u00e7\u00e3o de obras em geral.<\/p><p><b>Forma\u00e7\u00e3o Acad\u00eamica <\/b><\/p><p style=\"margin-bottom: 0cm;\">1) Engenharia Civil (gradua\u00e7\u00e3o)<br \/>2) P\u00f3s-gradua\u00e7\u00e3o &#8211; Especializa\u00e7\u00e3o em Engenharia de Estruturas<br \/>3) Engenharia de Seguran\u00e7a do Trabalho<br \/>4) P\u00f3s-gradua\u00e7\u00e3o\u00a0em Gerenciamento de Projetos<br \/>5) Direito (gradua\u00e7\u00e3o)<\/p><p style=\"margin-bottom: 0cm;\">6) P\u00f3s-gradua\u00e7\u00e3o\u00a0em Direito Tribut\u00e1rio<br \/>7) Engenharia El\u00e9trica (gradua\u00e7\u00e3o)<br \/>8) T\u00e9cnico em Transa\u00e7\u00f5es imobili\u00e1ria (Corretor de Im\u00f3veis)<\/p><p><b>Registros Profissionais <\/b><br \/>\u2022 CREA-MG: 81.967\/D<br \/>\u2022 OAB-MG: 51.336-E<br \/>\u2022 CRECI-MG: 12.167<br \/>\u2022 CNAI: 33.933<\/p><p><b>\u00c1reas de Atua\u00e7\u00e3o <\/b><br \/>1) Projetos estruturais, hidr\u00e1ulicos, g\u00e1s canalizado, el\u00e9tricos e SPDA<br \/>2) Projetos de Terraplenagem, drenagem e demoli\u00e7\u00f5es<br \/>3) Calculo de fra\u00e7\u00e3o ideal (NBR 12.721)<br \/>4) Elabora\u00e7\u00e3o de conven\u00e7\u00f5es e institui\u00e7\u00e3o de condom\u00ednios<br \/>5) Assessoria em incorpora\u00e7\u00e3o imobili\u00e1ria<br \/>6) Regulariza\u00e7\u00e3o de im\u00f3veis na Grande Belo Horizonte<br \/>7) Laudos t\u00e9cnicos e pericias de engenharia<br \/>8) Gest\u00e3o de seguran\u00e7a do trabalho<br \/>9) Execu\u00e7\u00e3o e supervis\u00e3o de obras<\/p><p><b>Empreendedorismo <\/b><br \/>S\u00f3cio-fundador da Vip Moveis Lida (Servi\u00e7os Especializados VIP), fundada em 1997 <br \/>Com essa s\u00f3lida bagagem, Alexandre M. de Souza oferece expertise complete para projetos, execu\u00e7\u00e3o de obras, vendas e avali\u00e7\u00e3o de im\u00f3veis, solu\u00e7\u00f5es em<br \/>engenharia, regulariza\u00e7\u00e3o de im\u00f3veis e direito imobili\u00e1rio.<\/p><div>\u00a0<\/div><div>\u00a0<\/div><div>\u00a0<\/div><div>\u00a0<\/div><div>\u00a0<\/div><div>\u00a0<\/div><div>\u00a0<\/div><div>\u00a0<\/div><div>\u00a0<\/div><div id=\"idbpfpeogbhifooiagnbbdbffplkfcke\">\u00a0<\/div><div id=\"idbpfpeogbhifooiagnbbdbffplkfcke\">\u00a0<\/div>\t\t\t\t\t\t\t\t<\/div>\n\t\t\t\t\t<\/div>\n\t\t\t\t<\/div>\n\t\t\t\t<\/div>\n\t\t","protected":false},"excerpt":{"rendered":"<p>Entre em contato via e-mail: cliente@alexandre.eco.br\u00a0 ou WhatsApp: (31)99103-7250. Alexandre M\u00e1rcio de Souza e um profissional multidisciplinar com quase 30 anos de experi\u00eancia no ramo imobili\u00e1rio. Re\u00fane diversas forma\u00e7\u00f5es acad\u00eamicas e atua em todas as etapas, sendo desde da venda e aquisi\u00e7\u00e3o do im\u00f3vel, passando pela elabora\u00e7\u00e3o dos projetos e execu\u00e7\u00e3o de obras em geral. [&hellip;]<\/p>\n","protected":false},"author":1,"featured_media":0,"parent":0,"menu_order":0,"comment_status":"closed","ping_status":"open","template":"","meta":{"footnotes":""},"class_list":["post-2","page","type-page","status-publish","hentry"],"_links":{"self":[{"href":"https:\/\/alexandre.eco.br\/index.php\/wp-json\/wp\/v2\/pages\/2","targetHints":{"allow":["GET"]}}],"collection":[{"href":"https:\/\/alexandre.eco.br\/index.php\/wp-json\/wp\/v2\/pages"}],"about":[{"href":"https:\/\/alexandre.eco.br\/index.php\/wp-json\/wp\/v2\/types\/page"}],"author":[{"embeddable":true,"href":"https:\/\/alexandre.eco.br\/index.php\/wp-json\/wp\/v2\/users\/1"}],"replies":[{"embeddable":true,"href":"https:\/\/alexandre.eco.br\/index.php\/wp-json\/wp\/v2\/comments?post=2"}],"version-history":[{"count":53,"href":"https:\/\/alexandre.eco.br\/index.php\/wp-json\/wp\/v2\/pages\/2\/revisions"}],"predecessor-version":[{"id":99,"href":"https:\/\/alexandre.eco.br\/index.php\/wp-json\/wp\/v2\/pages\/2\/revisions\/99"}],"wp:attachment":[{"href":"https:\/\/alexandre.eco.br\/index.php\/wp-json\/wp\/v2\/media?parent=2"}],"curies":[{"name":"wp","href":"https:\/\/api.w.org\/{rel}","templated":true}]}}